{"id":11211,"date":"2026-03-30T14:39:47","date_gmt":"2026-03-30T12:39:47","guid":{"rendered":"https:\/\/vandergrintengalerie.com\/?post_type=films&#038;p=11211"},"modified":"2026-03-30T14:41:42","modified_gmt":"2026-03-30T12:41:42","slug":"podiumsgespraech-les-choses-entre-elles-dialogue-avec-michel-poivert-et-valerie-belin-musee-du-louvre-2023-fr","status":"publish","type":"films","link":"https:\/\/vandergrintengalerie.com\/en\/films\/podiumsgespraech-les-choses-entre-elles-dialogue-avec-michel-poivert-et-valerie-belin-musee-du-louvre-2023-fr\/","title":{"rendered":"Gespr\u00e4ch: &#8220;Les Choses entre elles&#8221; &#8211; Dialog mit Michel Poivert und Val\u00e9rie Belin @ Mus\u00e9e du Louvre, 2023 (FR)"},"featured_media":0,"template":"","class_list":["post-11211","films","type-films","status-publish","hentry"],"_links":{"self":[{"href":"https:\/\/vandergrintengalerie.com\/en\/wp-json\/wp\/v2\/films\/11211","targetHints":{"allow":["GET"]}}],"collection":[{"href":"https:\/\/vandergrintengalerie.com\/en\/wp-json\/wp\/v2\/films"}],"about":[{"href":"https:\/\/vandergrintengalerie.com\/en\/wp-json\/wp\/v2\/types\/films"}],"wp:attachment":[{"href":"https:\/\/vandergrintengalerie.com\/en\/wp-json\/wp\/v2\/media?parent=11211"}],"curies":[{"name":"wp","href":"https:\/\/api.w.org\/{rel}","templated":true}]}}

Gespräch: &#8220;Les Choses entre elles&#8221; &#8211; Dialog mit Michel Poivert und Valérie Belin @ Musée du Louvre, 2023 (FR)
